d(h) = 8*h - 1. Let o(r) = -r + 6. Let i be o(3). Calculate the remainder when m is divided by d(i).
22
Let w(v) = -4*v + 2. Let z be w(-1). Let g(f) = 3*f - 8. Calculate the remainder when g(z) is divided by 6.
4
Let j(s) = s**3 - 5*s**2 - 5*s - 7. Let c be j(6). Let o be c/2*2 - 6. Let l(p) = -p**3 - 6*p**2 - 10*p - 4. What is the remainder when l(o) is divided by 29?
28
What is the remainder when 142 is divided by -13 - (-12)/((-156)/(-481))?
22
Suppose -2*d = 2*v + 2*v - 948, -711 = -3*v - 3*d. Calculate the remainder when v/2 + (-21)/14 is divided by 15.
12
Let v(a) = -a**2 - 9*a + 9. Let x(z) = -z**3 - 7*z**2 + 18*z - 9. Let k be x(-9). What is the remainder when 24 is divided by v(k)?
6
Let y(g) = -22*g**2 + 62*g - 1. Calculate the remainder when 872 is divided by y(2).
32
Let c = -710 + 897. Calculate the remainder when c is divided by 47.
46
Suppose 42 = -6*l - 18. What is the remainder when 58 is divided by 16/40 - 296/l?
28
Suppose -7*z = -2*m - 5*z - 2, -3*m + 5*z - 13 = 0. Suppose -3*j - 182 = -32. Calculate the remainder when 23 is divided by ((-20)/j)/(m/130).
10
Let a = -18 + 30. Suppose -5*i + 7 = -q, 2*i + 3 - 11 = 0. Suppose 0 = b - 10 - q. What is the remainder when b is divided by a?
11
What is the remainder when 230/(-2)*(-24)/40 is divided by 19?
12
Let n be -5*8/(-16)*2. Suppose 4*t - 144 - 152 = 0. Suppose t = n*b - 26. Calculate the remainder when 78 is divided by b.
18
Calculate the remainder when ((-13)/16*-4)/(3/204) is divided by 21.
11
Let k(h) = 2*h**3 + 13*h**2 - 30*h + 1. What is the remainder when k(4) is divided by 11?
8
Suppose -260 = -a - 2*j, -3*a + 81*j = 86*j - 785. Calculate the remainder when a is divided by 17.
15
Suppose -6*d + 4*d = -10. Let j = -89 + 108. Calculate the remainder when j is divided by d.
4
Calculate the remainder when 142 is divided by (18/15)/(42/1365).
25
Suppose 0 = -5*x + 4*i + 37, 0 = -3*x - 2*i + 10 - 1. Suppose -2*j - x*j = -21. Calculate the remainder when 5 is divided by j.
2
Let n be (5/(30/3))/(1/(-246)). Let o = n - -126. Let g(v) = -4*v + 2. What is the remainder when g(-2) is divided by o?
1
Let k(n) = 3*n**2 + 4*n + 1. Let b be k(-5). Let f = 573 - 606. Let x = b + f. Calculate the remainder when x is divided by 8.
7
Let j = 2113 + -1883. What is the remainder when j is divided by 7?
6
Let u be 69/12*(3 - 1)*32. Suppose -6*v + 2*v = -z - u, 0 = 4*v + 5*z - 344. What is the remainder when v is divided by 31?
29
Suppose -4*v = -95 + 19. What is the remainder when 682/19 + -2 - (12300/475 + -26) is divided by v?
15
What is the remainder when 196 is divided by (-153)/(-3)*(3 + -2)?
43
Let p(z) = 10*z**3 - z - 1. Suppose 5*o = g - 5*g + 6, g = -1. Calculate the remainder when p(o) is divided by (-4)/(-22) - 436/(-22).
17
Suppose 6*d + 28 = 2*d. Let j(o) = -7*o - 3. Suppose 3*r = 3*l - l + 30, -33 = -2*r - 3*l. What is the remainder when j(d) is divided by r?
10
Suppose -461 = -71*x + 7917. Let p(b) = -21*b**3 - 1. Calculate the remainder when x is divided by p(-1).
18
Suppose s = r - 3*r + 65, -2*r + 4*s + 50 = 0. Suppose 0 = 210*o - 211*o + 91. Calculate the remainder when o is divided by r.
29
Suppose -7*t = -4*t - 3*q - 138, 4*t - 179 = 3*q. What is the remainder when t is divided by 22?
19
Let x = 30 + -27. Suppose 0 = -2*d + t + 20, d - x*t + 0*t - 15 = 0. Calculate the remainder when d is divided by 4.
1
Suppose 0 = 3*b + 24. Suppose 15 = 2*w + w. Calculate the remainder when w is divided by b/(-6) - 2/(-3).
1
Suppose 56 - 422 = -6*s. What is the remainder when s is divided by 13?
9
Suppose 4*r - 10 - 2 = 0. Suppose 5*t - 2*f - 104 = 0, f - 34 = -t - 3*f. Calculate the remainder when (-33)/t*(-40)/6 is divided by r.
1
Suppose 4*s - 3 = s, -5*a + s = -514. Calculate the remainder when a is divided by 21.
19
Let n(b) be the third derivative of -b**4/24 + 29*b**3/6 - 31*b**2. Calculate the remainder when n(11) is divided by 5.
3
Let v = -84 - -189. Let z(o) = o**3 - 6*o**2 - 2*o - 17. What is the remainder when v is divided by z(7)?
15
Suppose 0 = 190*t - 198*t + 672. What is the remainder when t is divided by 23?
15
Let v(p) = 37*p + 130. Calculate the remainder when v(0) is divided by 22.
20
Let b = -318 + 324. What is the remainder when 89 is divided by b?
5
Let w(s) = -59*s - 570. What is the remainder when 95 is divided by w(-11)?
16
Let i = 32 - 67. Let y = -11 + i. Let f = y - -70. What is the remainder when f is divided by 13?
11
Suppose 0 = -b - 2*b + 12. Suppose -5*o - 4*q = -1026, 3*q - b = 7*q. Suppose 6*y - o + 74 = 0. Calculate the remainder when 42 is divided by y.
20
Let z be -7 - (60/(-6) + 4). Let a(s) be the third derivative of -s**6/24 + s**5/60 - s**3/6 + 3*s**2. Calculate the remainder when 19 is divided by a(z).
4
Let j = -41 - -115. Let d = j + -39. Calculate the remainder when d is divided by 19.
16
Let r = 55 - -205. What is the remainder when r is divided by 53?
48
Suppose 32*z + 8 = 33*z. What is the remainder when 60 is divided by z?
4
Let c(j) = -2*j + 1. Suppose -3*g = 2*g - 145. Suppose 4*i + g = -3*d, 6*d - 4*d - 4*i = -6. What is the remainder when 58 is divided by c(d)?
13
Suppose -31 = -2*t + 7. Suppose -n = 30 + 4. Let p = n + 87. Calculate the remainder when p is divided by t.
15
Let g = 25 - 9. Calculate the remainder when 29 is divided by g.
13
Let v = -10 + 12. Suppose 3*x = -4*a + 260, -6*x + v*x = 0. What is the remainder when a is divided by 17?
14
Suppose -5*k - 20 = -j, -2*j + 3*k = -33 - 28. Calculate the remainder when j is divided by 8.
3
Suppose 12 = 7*n - 4*n. Suppose -3*a + 41 = -n. Calculate the remainder when a is divided by 9.
6
Let h = 7 - -1. Suppose h*d - 32 = 4*d. Suppose -1 = 5*n - 151. Calculate the remainder when n is divided by d.
6
What is the remainder when 260 is divided by 50/(-4)*(-64)/32?
10
Suppose 226 + 470 = 2*b. Suppose -4*u - 2*j + 288 = 0, -4*u + b = 4*j + 64. Calculate the remainder when u is divided by 21.
10
Let l = -147 + 40. Let y = l - -195. Calculate the remainder when y is divided by 23.
19
Let s(a) = 14*a + 4. Suppose l - 2 = -n, -n - 3*n = 2*l - 2. What is the remainder when s(l) is divided by -12*2*(-6 - -5)?
22
Suppose 468 = 3*k + 3*z, 11*k + z + 810 = 16*k. What is the remainder when k is divided by 15?
11
What is the remainder when 39088/210 + (-2)/15 is divided by 168?
18
Suppose 0 = -3*n - 3 + 6. Let r = n - -9. Calculate the remainder when 37 is divided by r.
7
Suppose 29*u + 190 = 973. Calculate the remainder when 215 is divided by u.
26
Let m(n) be the third derivative of -n**6/40 - n**5/20 + n**4/12 - 2*n**3/3 + 22*n**2. Calculate the remainder when 218 is divided by m(-3).
42
Let k(c) = -14*c**3 + c**2 + 2*c + 1. Suppose -3*g + 5*g = 60. Suppose -165 = -5*f - g. What is the remainder when f is divided by k(-1)?
13
Let u(l) = -29*l + 2. Let n(q) = q**2 + 28*q + 107. Calculate the remainder when u(-1) is divided by n(-4).
9
Let x = -26 - -14. Calculate the remainder when (-1160)/x*6/4 is divided by 37.
34
Let g = -27 - -23. What is the remainder when 30 is divided by -2 - ((-72)/(-1))/g?
14
Let j be 9 - 7 - 3/(-1). Suppose 0 = z - 2*a - 19, j*a = -2*z + 4 + 25. Calculate the remainder when 33 is divided by z.
16
Let r = 164 + -80. Calculate the remainder when 14 is divided by r/(-35)*(-10)/6.
2
Suppose 0 = 16*h + 11 - 123. What is the remainder when h is divided by 2?
1
Let g = -42 - -125. Let f = -56 + g. Suppose o - 525 = -4*o. What is the remainder when o is divided by f?
24
Let c be (2 + -8)/((-4)/2). Suppose 0 = c*h - 2*h - 42. Suppose -2*q = -l - h, 5*q + 7 = -3*l + 90. What is the remainder when 36 is divided by q?
17
Let f be (-1)/((3/8)/(315/(-60))). Suppose 5*p - 368 = 252. What is the remainder when p is divided by (-1 - -3)*(f + 2)?
28
Let y(k) = 165*k + 1360. Let c(w) = 80*w - 2. What is the remainder when c(2) is divided by y(-8)?
38
Suppose 7*y = 6*y - 4*i + 29, -3*i - 29 = -y. What is the remainder when 77 is divided by y?
19
Suppose 22 = -4*s + 2*g, 15 = -5*s + g + 4*g. Let j = -53 + 56. What is the remainder when (-34)/s + (-11)/44 is divided by j?
1
Let w(a) = 5*a**3 + 3*a**2 + 2*a + 4. Let y be w(3). Suppose 6*s + y = 4*s. Calculate the remainder when (-8)/(-4) + s/(-2) is divided by 23.
22
Let n = 557 - 465. Calculate the remainder when 366 is divided 